 + -13. Let a = -30 - -34. Suppose -3*w + 4*f = 2*w - 165, 0 = -a*w + 3*f + 131. What is the remainder when w is divided by p?
9
Let a(x) = x**3 + 9*x**2 + 4*x + 92. What is the remainder when 497 is divided by a(-9)?
49
Suppose -40*g - 6067 = -21067. Calculate the remainder when g is divided by 14.
11
Suppose 24 = 4*r - 4*p, -5*p - 2 - 21 = -4*r. Let k = -4 + r. What is the remainder when 12 - ((-10)/(-6) - (-12)/36) is divided by k?
1
Suppose 4*w - 10 = -2*v, 5*v - 9 = -2*w + 16. Let a be 1*2*(4 - 3). Calculate the remainder when v is divided by a/(-4)*2 + 5.
1
Let q(t) = 6*t**2 - 79*t + 11. What is the remainder when q(21) is divided by 8?
6
Suppose -w - 91 = -3*h - 0*h, 122 = 4*h - 2*w. Calculate the remainder when 94 is divided by h.
4
What is the remainder when (-17)/(17/4) + (-1 - -56) is divided by ((-4)/10)/((-2)/90)?
15
Suppose -10*o = -11*o. Calculate the remainder when (2 - 9/3) + 43 + o is divided by 23.
19
Suppose -7 = -6*k + 5. Let j(x) = 0*x + 1 - x - 2 + 6*x**3. Calculate the remainder when j(k) is divided by 12.
9
Suppose -14*k = -13*k - 60. Suppose -4*z + k = z. Suppose -3*t + 2*m + 96 = 0, 3*t - 5*m = -m + 90. What is the remainder when t is divided by z?
10
Suppose 6*p - 210 = 4*p. What is the remainder when p is divided by 3/21 - 188/(-7)?
24
Calculate the remainder when 102 is divided by 12 + (-4 - 1) + 6.
11
Suppose f - p = -0*f - 13, 2*p = -4*f - 28. Let l = 5 - f. What is the remainder when 36 is divided by l?
8
Suppose 13*b + 2 = 15*b - 4*z, 0 = -3*z + 6. Calculate the remainder when b is divided by 1.
0
Suppose 6*x = 21185 + 29479. Calculate the remainder when (-2)/19 + x/76 is divided by 28.
27
Let o(n) = -19*n**3 + n**2 + 2*n - 3. Let s be o(1). Let a = s - -29. Calculate the remainder when 47 is divided by a.
7
Suppose -2*f - 3*p = -108, f - 5*p + 162 = 4*f. Calculate the remainder when f is divided by 43/3 - (-2)/(-6).
12
Suppose 4*t - 7 = 293. What is the remainder when 257 is divided by t?
32
Suppose 5*s - 5*y + 680 = 0, 5*y + 145 = 3*s + 545. Let b = -54 - s. Calculate the remainder when b is divided by 44.
42
Let b = 1169 - 1133. What is the remainder when b is divided by 6?
0
Let l(p) = -p**3 - 3*p**2 + 3*p - 3. Let h be l(2). Let m = h + 30. Let z = -10 + m. What is the remainder when 10 is divided by z?
1
Let k = 54 - 38. Suppose -4*j + 289 = -27. What is the remainder when j is divided by k?
15
Suppose -2*x - 2*x + 24 = 0. Suppose x*c - 3*c = -3. What is the remainder when 39 is divided by (-3)/(c + 4)*-14?
11
Suppose 0 = -8*w + 10*w. Suppose w = -8*d + 263 - 55. What is the remainder when d is divided by 14?
12
Suppose 4*o = 4, -o + 56 = 3*v + 4*o. What is the remainder when 66 is divided by v?
15
Let u(k) = -4*k - 1 - 1 + 3 + 3*k**2 - 3. Calculate the remainder when 57 is divided by u(4).
27
Let c(r) = -r**3 - 8*r**2 - r + 12. Let l(v) = -v**3 + 7*v**2 - 6*v - 8. Let a be l(6). What is the remainder when 97 is divided by c(a)?
17
Let h be (-168)/(-15) + 1/(-5). Suppose -5*o + 4 = -16. Suppose o*b - 91 = -h. What is the remainder when 38 is divided by b?
18
What is the remainder when (4/(-3))/((-48)/540) is divided by 4?
3
Suppose 0 = -10*d + 53 + 97. Let q(s) = -s**3 + 10*s**2 - 7*s - 2. Calculate the remainder when q(5) is divided by d.
13
Suppose 4*r - 95 = -23*h + 20*h, 0 = -2*r - 3*h + 55. Calculate the remainder when 39 is divided by r.
19
Calculate the remainder when (-1 - 87)*100/(-40) is divided by 16.
12
Suppose 5*p = 3*j + 52, 0 = 5*p - 7*j + 3*j - 51. Calculate the remainder when 122 is divided by p.
1
Let v(s) = 3*s + 29 + 0*s - 3 - 4*s. What is the remainder when v(8) is divided by 11?
7
Suppose -r + o + 12 = 4*o, r - 4*o + 16 = 0. Let n be 6 - 1*(r - 1). Suppose -n*s = -10*s + 81. Calculate the remainder when 80 is divided by s.
26
Suppose -o + 12 = -4*o, -3*k - 2*o + 100 = 0. Let b = -19 + k. Calculate the remainder when 151 is divided by b.
15
Let f = 186 - 173. Calculate the remainder when 22 is divided by f.
9
Suppose -4*x + 3*z + 186 = 0, 7*z - 9*z + 196 = 4*x. What is the remainder when 73 is divided by x?
25
Let g be (-5 - (-6 - -3))/((-6)/63). Suppose -4*y + 19 = -g. Calculate the remainder when 13 is divided by y.
3
Let j(v) = v**3 + 2*v**2 - 16*v - 1. What is the remainder when 10 is divided by j(-5)?
2
Let j = 33 + -19. Suppose 287 = 11*w - 10. What is the remainder when w is divided by j?
13
Let c(u) = 5*u + 4. Let l be c(7). Let n be (-184)/(-13) - 6/l. Suppose -h = -3*p + n, 0*h - 28 = -p + 5*h. What is the remainder when 11 is divided by p?
2
Let x be 5 - (2 - 0 - 1). Suppose b - x = 5*j, 5*j = 14 + 11. Suppose 205 - 40 = 11*w. Calculate the remainder when b is divided by w.
14
Suppose -5*p + 2067 + 908 = 5*b, -3*p + 2969 = 5*b. Calculate the remainder when b is divided by 33.
31
Let n = -945 + 988. Calculate the remainder when 83 is divided by n.
40
Suppose 0 = -6*n + 7 + 83. Suppose -2*v + n = -v. What is the remainder when v is divided by 6?
3
Let a(c) = -c**3 - 9*c**2 + 7*c - 3. Suppose -3*v - v = 0. Suppose -3*r + v*r + 14 = -2*b, -2*r = -3*b - 26. What is the remainder when a(b) is divided by 10?
7
Suppose -6*r = -26 - 70. Let t(a) = 14*a**2 + 6*a - 7. Calculate the remainder when t(2) is divided by r.
13
Suppose 4*g = -g + 1000. Suppose -5*v + 10*v - g = 0. Suppose z - 6*z = 2*m - v, -z = -5*m - 8. Calculate the remainder when 21 is divided by z.
5
Let y(h) = h**2 + 2*h - 2. Let l(m) = 2*m + 9. Let c be l(-6). Calculate the remainder when 2 is divided by y(c).
0
Suppose 8*a - 1247 = -367. Calculate the remainder when a is divided by 60.
50
Let p be (-48)/3*(-45)/20. Suppose -4*m = -4*o + 4, 4*o + 5*m - 13 - p = 0. Suppose 0 = 5*n - 42 - 63. Calculate the remainder when n is divided by o.
3
Calculate the remainder when 38 is divided by ((-78)/(-24) - 3)*(1 + 75).
0
Suppose -n - 12 = 3*p, 1 = p + 6. Suppose m - s = -1 + 7, -14 = -m - n*s. Suppose -m*q + 140 = -q. Calculate the remainder when 57 is divided by q.
17
Let d = -201 + 303. Let c = d + -67. What is the remainder when 136 is divided by c?
31
Let a = -1336 - -1348. Calculate the remainder when 1751 is divided by a.
11
Let q(m) = m + 9. Let p be q(-5). Let c(d) = -d**3 + 6*d**2 - 6*d. Let v be c(p). Suppose -13*a + 70 = -v*a. What is the remainder when a is divided by 8?
6
Let f be 3 + ((-1)/(-1) - 3). Suppose -2*t + 3*t = f. Let j = t - -6. Calculate the remainder when 12 is divided by j.
5
Suppose -3*r + 894 = -513. Calculate the remainder when r is divided by 47.
46
Suppose -14*a + 12*a + 8 = -3*m, 0 = 4*a + m - 44. What is the remainder when 82 is divided by a?
2
Let j be 1899/6 - (-2)/(-4). Suppose 2*s + j = 4*f, -2*f + 66 + 104 = 2*s. Calculate the remainder when f is divided by 14.
11
Let v = 19 + -28. Suppose 0*l - 12 = -2*l + 3*f, -4*f = 0. What is the remainder when (84/v)/(l/(-9)) is divided by 5?
4
Suppose 0 = -5*f - 28 - 7. Let g(q) = -4*q - 7. Calculate the remainder when g(f) is divided by (4 + 0/1)/(6/12).
5
Let c(k) = 42*k - 2. Let z be c(1). Let x = z + -38. What is the remainder when 3 is divided by x?
1
Let m(z) be the third derivative of z**5/30 - 2*z**3/3 - 2*z**2. Let w(a) = a + 25. Calculate the remainder when w(2) is divided by m(3).
13
Suppose -9*r = -6*r - 63. Calculate the remainder when r is divided by 15.
6
Let f(x) = -8*x - 10. Let l be f(-2). Let n = -8 - -2. Let d = l - n. Calculate the remainder when 33 is divided by d.
9
Let h(v) = 24*v**2 + 1. Suppose -7*t + 2*t = 5. Let l = 0 - -9. Calculate the remainder when h(t) is divided by l.
7
Let d(p) = 3*p - 8. Suppose 2*c + z - 4*z = -9, 2*c - 12 = -4*z. Let l be 1*(7 + c + 2). What is the remainder when d(l) is divided by 10?
9
Let n(a) = a**2 - 12*a + 56. What is the remainder when n(17) is divided by 18?
15
Let c be (-6)/(-8) - 1 - (-4)/16. What is the remainder when 160 + c/(12/2) is divided by 23?
22
Suppose -2*w - 3*w = 4*a + 25, 3*a + 15 = -3*w. Suppose a = 6*d - 2*d - 48. What is the remainder when 58 is divided by d?
10
Let i(o) = o. Let z(x) = -5*x + 6. Let b(n) = -4*i(n) - z(n). Let f be b(8). Let m = f - -1. What is the remainder when m is divided by 3?
0
Let i = -6 + 17. Let b = 137 - 73. Calculate the remainder when b is divided by i.
9
Calculate the remainder when 1/((28/524)/7) is divided by 33.
32
Let x = -100 